{"id":12,"date":"2017-10-01T14:53:08","date_gmt":"2017-10-01T12:53:08","guid":{"rendered":"http:\/\/buergerinitiative-region-staebelow.de\/?page_id=12"},"modified":"2026-03-29T14:45:00","modified_gmt":"2026-03-29T12:45:00","slug":"chronik","status":"publish","type":"page","link":"http:\/\/heimatverein-staebelow.de\/?page_id=12","title":{"rendered":"Zeittafel der Gemeinde St\u00e4below"},"content":{"rendered":"<h5><a href=\"https:\/\/i0.wp.com\/heimatverein-staebelow.de\/wp-content\/uploads\/2022\/08\/Staebelow-1956-Fotomontage-R.-Zschoch.png\"><img data-recalc-dims=\"1\" loading=\"lazy\" decoding=\"async\" class=\"alignnone wp-image-5188 size-full\" src=\"https:\/\/i0.wp.com\/heimatverein-staebelow.de\/wp-content\/uploads\/2022\/08\/Staebelow-1956-Fotomontage-R.-Zschoch.png?resize=604%2C340\" alt=\"\" width=\"604\" height=\"340\" srcset=\"https:\/\/i0.wp.com\/heimatverein-staebelow.de\/wp-content\/uploads\/2022\/08\/Staebelow-1956-Fotomontage-R.-Zschoch.png?w=960 960w, https:\/\/i0.wp.com\/heimatverein-staebelow.de\/wp-content\/uploads\/2022\/08\/Staebelow-1956-Fotomontage-R.-Zschoch.png?resize=300%2C169 300w, https:\/\/i0.wp.com\/heimatverein-staebelow.de\/wp-content\/uploads\/2022\/08\/Staebelow-1956-Fotomontage-R.-Zschoch.png?resize=768%2C432 768w\" sizes=\"auto, (max-width: 604px) 100vw, 604px\" \/><\/a><\/h5>\r\n<h5><a href=\"https:\/\/i0.wp.com\/heimatverein-staebelow.de\/wp-content\/uploads\/2021\/01\/825-Jahre-Staebelow.jpg\"><img data-recalc-dims=\"1\" loading=\"lazy\" decoding=\"async\" class=\"aligncenter wp-image-4399 size-full\" src=\"https:\/\/i0.wp.com\/heimatverein-staebelow.de\/wp-content\/uploads\/2021\/01\/825-Jahre-Staebelow.jpg?resize=604%2C371\" alt=\"\" width=\"604\" height=\"371\" srcset=\"https:\/\/i0.wp.com\/heimatverein-staebelow.de\/wp-content\/uploads\/2021\/01\/825-Jahre-Staebelow.jpg?w=1167 1167w, https:\/\/i0.wp.com\/heimatverein-staebelow.de\/wp-content\/uploads\/2021\/01\/825-Jahre-Staebelow.jpg?resize=300%2C184 300w, https:\/\/i0.wp.com\/heimatverein-staebelow.de\/wp-content\/uploads\/2021\/01\/825-Jahre-Staebelow.jpg?resize=1150%2C707 1150w, https:\/\/i0.wp.com\/heimatverein-staebelow.de\/wp-content\/uploads\/2021\/01\/825-Jahre-Staebelow.jpg?resize=768%2C472 768w\" sizes=\"auto, (max-width: 604px) 100vw, 604px\" \/><\/a><\/h5>\r\n<h5><span style=\"color: #0000ff;\"><strong>Eine Sammlung wichtiger Daten unseres Ortes und der Umgebung im Zeitraum von 1177 bis 2026 sind hier zu finden.<\/strong><\/span><\/h5>\r\n<p>Eine <span style=\"color: #0000ff;\"><strong>\u201eZeittafel\u201c<\/strong><\/span> ist eine besondere Form der Darstellung einer Chronik. Chroniken k\u00f6nnen auf verschiedene Weise dokumentiert werden.<\/p>\r\n<p>Inhaltlich ist eine <span style=\"color: #0000ff;\"><strong>\u201eZeittafel\u201c<\/strong> <\/span>eine \u201echronologisch geordnete \u00dcbersicht wichtiger Ereignisse\u201c f\u00fcr eine bestimmte Person oder Institution in einem bestimmten Zeitraum. Anhand der in der Zeittafel erfassten \u201ewichtigen Ereignisse\u201c kann die Entwicklung der Gemeinde St\u00e4below zeitlich und sachlich besser nachvollzogen werden. Viele Einzelfragen zur Geschichte der Gemeinde St\u00e4below k\u00f6nnen direkt beantwortet werden. Die Zeittafel ist als Informationsgrundlage hilfreich und wichtig, nicht zuletzt auch im Hinblick auf nachfolgende Generationen.<\/p>\r\n<p><strong><span style=\"color: #0000ff;\">WIR<\/span><\/strong> w\u00fcnschen viel Erfolg beim Lesen der Zeittafel, bei einer Zeitreise durch 825 Jahre Geschichte der Gemeinde St\u00e4below mit den Orten Bliesekow und Wilsen, insbesondere auch den m\u00f6glichen Gewinn neuer Erkenntnisse.<\/p>\r\n\r\n<pre class=\"wp-block-image size-large\"><strong><a href=\"https:\/\/i0.wp.com\/heimatverein-staebelow.de\/wp-content\/uploads\/2021\/07\/Karte-Herzogtum-Schwerin-Strelitz.jpg\"><img data-recalc-dims=\"1\" loading=\"lazy\" decoding=\"async\" class=\"aligncenter wp-image-4808 size-full\" src=\"https:\/\/i0.wp.com\/heimatverein-staebelow.de\/wp-content\/uploads\/2021\/07\/Karte-Herzogtum-Schwerin-Strelitz.jpg?resize=604%2C340\" alt=\"\" width=\"604\" height=\"340\" srcset=\"https:\/\/i0.wp.com\/heimatverein-staebelow.de\/wp-content\/uploads\/2021\/07\/Karte-Herzogtum-Schwerin-Strelitz.jpg?w=1280 1280w, https:\/\/i0.wp.com\/heimatverein-staebelow.de\/wp-content\/uploads\/2021\/07\/Karte-Herzogtum-Schwerin-Strelitz.jpg?resize=300%2C169 300w, https:\/\/i0.wp.com\/heimatverein-staebelow.de\/wp-content\/uploads\/2021\/07\/Karte-Herzogtum-Schwerin-Strelitz.jpg?resize=1150%2C647 1150w, https:\/\/i0.wp.com\/heimatverein-staebelow.de\/wp-content\/uploads\/2021\/07\/Karte-Herzogtum-Schwerin-Strelitz.jpg?resize=768%2C432 768w, https:\/\/i0.wp.com\/heimatverein-staebelow.de\/wp-content\/uploads\/2021\/07\/Karte-Herzogtum-Schwerin-Strelitz.jpg?w=1208 1208w\" sizes=\"auto, (max-width: 604px) 100vw, 604px\" \/><\/a>Herzogtum Mecklenburg - Schwerin - Strelitz<\/strong><\/pre>\r\n\r\n\r\n\r\n<p class=\"has-red-color has-text-color has-medium-font-size\" style=\"text-align: center;\"><strong><a href=\"http:\/\/heimatverein-staebelow.de\/wp-content\/uploads\/2026\/01\/Zeittafel-ueber-mehr-als-800-Jahre-Staebelow.pdf\">Zeittafel \u00fcber mehr als 800 Jahre St\u00e4below<\/a><\/strong><\/p>\r\n<div class=\"twoclick_social_bookmarks_post_12 social_share_privacy clearfix 1.6.4 locale-de_DE sprite-de_DE\"><\/div><div class=\"twoclick-js\"><script type=\"text\/javascript\">\/* <![CDATA[ *\/\njQuery(document).ready(function($){if($('.twoclick_social_bookmarks_post_12')){$('.twoclick_social_bookmarks_post_12').socialSharePrivacy({\"txt_help\":\"Wenn Sie diese Felder durch einen Klick aktivieren, werden Informationen an Facebook, Twitter, Flattr, Xing, t3n, LinkedIn, Pinterest oder Google eventuell ins Ausland \\u00fcbertragen und unter Umst\\u00e4nden auch dort gespeichert. N\\u00e4heres erfahren Sie durch einen Klick auf das <em>i<\\\/em>.\",\"settings_perma\":\"Dauerhaft aktivieren und Daten\\u00fcber-tragung zustimmen:\",\"info_link\":\"http:\\\/\\\/www.heise.de\\\/ct\\\/artikel\\\/2-Klicks-fuer-mehr-Datenschutz-1333879.html\",\"uri\":\"http:\\\/\\\/heimatverein-staebelow.de\\\/?page_id=12\",\"post_id\":12,\"post_title_referrer_track\":\"Zeittafel+der+Gemeinde+St%C3%A4below\",\"display_infobox\":\"on\"});}});\n\/* ]]> *\/<\/script><\/div>","protected":false},"excerpt":{"rendered":"<p>Eine Sammlung wichtiger Daten unseres Ortes und der Umgebung im Zeitraum von 1177 bis 2026 sind hier zu finden. Eine \u201eZeittafel\u201c ist eine besondere Form der Darstellung einer Chronik. Chroniken k\u00f6nnen auf verschiedene Weise dokumentiert werden. Inhaltlich ist eine \u201eZeittafel\u201c eine \u201echronologisch geordnete \u00dcbersicht wichtiger Ereignisse\u201c f\u00fcr eine bestimmte Person oder Institution in einem bestimmten &hellip; <a href=\"http:\/\/heimatverein-staebelow.de\/?page_id=12\" class=\"more-link\"><span class=\"screen-reader-text\">Zeittafel der Gemeinde St\u00e4below<\/span> weiterlesen <span class=\"meta-nav\">&rarr;<\/span><\/a><\/p>\n","protected":false},"author":2,"featured_media":0,"parent":0,"menu_order":2,"comment_status":"closed","ping_status":"closed","template":"","meta":{"footnotes":""},"class_list":["post-12","page","type-page","status-publish","hentry"],"jetpack_sharing_enabled":true,"_links":{"self":[{"href":"http:\/\/heimatverein-staebelow.de\/index.php?rest_route=\/wp\/v2\/pages\/12","targetHints":{"allow":["GET"]}}],"collection":[{"href":"http:\/\/heimatverein-staebelow.de\/index.php?rest_route=\/wp\/v2\/pages"}],"about":[{"href":"http:\/\/heimatverein-staebelow.de\/index.php?rest_route=\/wp\/v2\/types\/page"}],"author":[{"embeddable":true,"href":"http:\/\/heimatverein-staebelow.de\/index.php?rest_route=\/wp\/v2\/users\/2"}],"replies":[{"embeddable":true,"href":"http:\/\/heimatverein-staebelow.de\/index.php?rest_route=%2Fwp%2Fv2%2Fcomments&post=12"}],"version-history":[{"count":58,"href":"http:\/\/heimatverein-staebelow.de\/index.php?rest_route=\/wp\/v2\/pages\/12\/revisions"}],"predecessor-version":[{"id":5724,"href":"http:\/\/heimatverein-staebelow.de\/index.php?rest_route=\/wp\/v2\/pages\/12\/revisions\/5724"}],"wp:attachment":[{"href":"http:\/\/heimatverein-staebelow.de\/index.php?rest_route=%2Fwp%2Fv2%2Fmedia&parent=12"}],"curies":[{"name":"wp","href":"https:\/\/api.w.org\/{rel}","templated":true}]}}

Zeittafel der Gemeinde Stäbelow

<h5><a href="https://i0.wp.com/heimatverein-staebelow.de/wp-content/uploads/2022/08/Staebelow-1956-Fotomontage-R.-Zschoch.png"><img data-recalc-dims="1" loading="lazy" decoding="async" class="alignnone wp-image-5188 size-full" src="https://i0.wp.com/heimatverein-staebelow.de/wp-content/uploads/2022/08/Staebelow-1956-Fotomontage-R.-Zschoch.png?resize=604%2C340" alt="" width="604" height="340" srcset="https://i0.wp.com/heimatverein-staebelow.de/wp-content/uploads/2022/08/Staebelow-1956-Fotomontage-R.-Zschoch.png?w=960 960w, https://i0.wp.com/heimatverein-staebelow.de/wp-content/uploads/2022/08/Staebelow-1956-Fotomontage-R.-Zschoch.png?resize=300%2C169 300w, https://i0.wp.com/heimatverein-staebelow.de/wp-content/uploads/2022/08/Staebelow-1956-Fotomontage-R.-Zschoch.png?resize=768%2C432 768w" sizes="auto, (max-width: 604px) 100vw, 604px" /></a></h5>
<h5><a href="https://i0.wp.com/heimatverein-staebelow.de/wp-content/uploads/2021/01/825-Jahre-Staebelow.jpg"><img data-recalc-dims="1" loading="lazy" decoding="async" class="aligncenter wp-image-4399 size-full" src="https://i0.wp.com/heimatverein-staebelow.de/wp-content/uploads/2021/01/825-Jahre-Staebelow.jpg?resize=604%2C371" alt="" width="604" height="371" srcset="https://i0.wp.com/heimatverein-staebelow.de/wp-content/uploads/2021/01/825-Jahre-Staebelow.jpg?w=1167 1167w, https://i0.wp.com/heimatverein-staebelow.de/wp-content/uploads/2021/01/825-Jahre-Staebelow.jpg?resize=300%2C184 300w, https://i0.wp.com/heimatverein-staebelow.de/wp-content/uploads/2021/01/825-Jahre-Staebelow.jpg?resize=1150%2C707 1150w, https://i0.wp.com/heimatverein-staebelow.de/wp-content/uploads/2021/01/825-Jahre-Staebelow.jpg?resize=768%2C472 768w" sizes="auto, (max-width: 604px) 100vw, 604px" /></a></h5>
<h5><span style="color: #0000ff;"><strong>Eine Sammlung wichtiger Daten unseres Ortes und der Umgebung im Zeitraum von 1177 bis 2026 sind hier zu finden.</strong></span></h5>
<p>Eine <span style="color: #0000ff;"><strong>„Zeittafel“</strong></span> ist eine besondere Form der Darstellung einer Chronik. Chroniken können auf verschiedene Weise dokumentiert werden.</p>
<p>Inhaltlich ist eine <span style="color: #0000ff;"><strong>„Zeittafel“</strong> </span>eine „chronologisch geordnete Übersicht wichtiger Ereignisse“ für eine bestimmte Person oder Institution in einem bestimmten Zeitraum. Anhand der in der Zeittafel erfassten „wichtigen Ereignisse“ kann die Entwicklung der Gemeinde Stäbelow zeitlich und sachlich besser nachvollzogen werden. Viele Einzelfragen zur Geschichte der Gemeinde Stäbelow können direkt beantwortet werden. Die Zeittafel ist als Informationsgrundlage hilfreich und wichtig, nicht zuletzt auch im Hinblick auf nachfolgende Generationen.</p>
<p><strong><span style="color: #0000ff;">WIR</span></strong> wünschen viel Erfolg beim Lesen der Zeittafel, bei einer Zeitreise durch 825 Jahre Geschichte der Gemeinde Stäbelow mit den Orten Bliesekow und Wilsen, insbesondere auch den möglichen Gewinn neuer Erkenntnisse.</p>

<pre class="wp-block-image size-large"><strong><a href="https://i0.wp.com/heimatverein-staebelow.de/wp-content/uploads/2021/07/Karte-Herzogtum-Schwerin-Strelitz.jpg"><img data-recalc-dims="1" loading="lazy" decoding="async" class="aligncenter wp-image-4808 size-full" src="https://i0.wp.com/heimatverein-staebelow.de/wp-content/uploads/2021/07/Karte-Herzogtum-Schwerin-Strelitz.jpg?resize=604%2C340" alt="" width="604" height="340" srcset="https://i0.wp.com/heimatverein-staebelow.de/wp-content/uploads/2021/07/Karte-Herzogtum-Schwerin-Strelitz.jpg?w=1280 1280w, https://i0.wp.com/heimatverein-staebelow.de/wp-content/uploads/2021/07/Karte-Herzogtum-Schwerin-Strelitz.jpg?resize=300%2C169 300w, https://i0.wp.com/heimatverein-staebelow.de/wp-content/uploads/2021/07/Karte-Herzogtum-Schwerin-Strelitz.jpg?resize=1150%2C647 1150w, https://i0.wp.com/heimatverein-staebelow.de/wp-content/uploads/2021/07/Karte-Herzogtum-Schwerin-Strelitz.jpg?resize=768%2C432 768w, https://i0.wp.com/heimatverein-staebelow.de/wp-content/uploads/2021/07/Karte-Herzogtum-Schwerin-Strelitz.jpg?w=1208 1208w" sizes="auto, (max-width: 604px) 100vw, 604px" /></a>Herzogtum Mecklenburg - Schwerin - Strelitz</strong></pre>



<p class="has-red-color has-text-color has-medium-font-size" style="text-align: center;"><strong><a href="http://heimatverein-staebelow.de/wp-content/uploads/2026/01/Zeittafel-ueber-mehr-als-800-Jahre-Staebelow.pdf">Zeittafel über mehr als 800 Jahre Stäbelow</a></strong></p>
<div class="twoclick_social_bookmarks_post_12 social_share_privacy clearfix 1.6.4 locale-de_DE sprite-de_DE"></div><div class="twoclick-js"><script type="text/javascript">/* <![CDATA[ */
jQuery(document).ready(function($){if($('.twoclick_social_bookmarks_post_12')){$('.twoclick_social_bookmarks_post_12').socialSharePrivacy({"txt_help":"Wenn Sie diese Felder durch einen Klick aktivieren, werden Informationen an Facebook, Twitter, Flattr, Xing, t3n, LinkedIn, Pinterest oder Google eventuell ins Ausland \u00fcbertragen und unter Umst\u00e4nden auch dort gespeichert. N\u00e4heres erfahren Sie durch einen Klick auf das <em>i<\/em>.","settings_perma":"Dauerhaft aktivieren und Daten\u00fcber-tragung zustimmen:","info_link":"http:\/\/www.heise.de\/ct\/artikel\/2-Klicks-fuer-mehr-Datenschutz-1333879.html","uri":"http:\/\/heimatverein-staebelow.de\/?page_id=12","post_id":12,"post_title_referrer_track":"Zeittafel+der+Gemeinde+St%C3%A4below","display_infobox":"on"});}});
/* ]]> */</script></div>

<p>Eine Sammlung wichtiger Daten unseres Ortes und der Umgebung im Zeitraum von 1177 bis 2026 sind hier zu finden. Eine „Zeittafel“ ist eine besondere Form der Darstellung einer Chronik. Chroniken können auf verschiedene Weise dokumentiert werden. Inhaltlich ist eine „Zeittafel“ eine „chronologisch geordnete Übersicht wichtiger Ereignisse“ für eine bestimmte Person oder Institution in einem bestimmten &hellip; <a href="http://heimatverein-staebelow.de/?page_id=12" class="more-link"><span class="screen-reader-text">Zeittafel der Gemeinde Stäbelow</span> weiterlesen <span class="meta-nav">&rarr;</span></a></p>
