{"id":59,"date":"2021-01-01T14:15:13","date_gmt":"2021-01-01T13:15:13","guid":{"rendered":"http:\/\/buergerinitiative-region-staebelow.de\/?page_id=59"},"modified":"2024-08-08T18:23:11","modified_gmt":"2024-08-08T16:23:11","slug":"andere-bi","status":"publish","type":"page","link":"http:\/\/heimatverein-staebelow.de\/?page_id=59","title":{"rendered":"Bibliothek"},"content":{"rendered":"<h4><span style=\"color: #0000ff;\">Hallo, liebe B\u00fccherfreunde !<\/span><\/h4>\r\n<p style=\"text-align: justify;\">Der Heimatverein St\u00e4below e.V. er\u00f6ffnete seine Bibliothek im Gemeindehaus in St\u00e4below, Schulweg 5<span style=\"color: #ff0000;\"> <strong>erstmalig am 28.1.2014 um 15.00 Uhr. <\/strong><\/span>Dank der vielen B\u00fccherspenden k\u00f6nnen Sie zwischen \u00e4lterer und ganz neuer Literatur und vielen Kinderb\u00fcchern w\u00e4hlen; auch englischsprachige Literatur ist dabei.<\/p>\r\n<p><a href=\"https:\/\/i0.wp.com\/heimatverein-staebelow.de\/wp-content\/uploads\/2022\/09\/Bibliothek-Staebelow-2014.png\"><img data-recalc-dims=\"1\" loading=\"lazy\" decoding=\"async\" class=\"alignnone wp-image-5245 size-full\" src=\"https:\/\/i0.wp.com\/heimatverein-staebelow.de\/wp-content\/uploads\/2022\/09\/Bibliothek-Staebelow-2014.png?resize=604%2C356\" alt=\"\" width=\"604\" height=\"356\" srcset=\"https:\/\/i0.wp.com\/heimatverein-staebelow.de\/wp-content\/uploads\/2022\/09\/Bibliothek-Staebelow-2014.png?w=649 649w, https:\/\/i0.wp.com\/heimatverein-staebelow.de\/wp-content\/uploads\/2022\/09\/Bibliothek-Staebelow-2014.png?resize=300%2C177 300w\" sizes=\"auto, (max-width: 604px) 100vw, 604px\" \/><\/a><\/p>\r\n<p style=\"text-align: justify;\">Ja, wir haben in St\u00e4below im Gemeindehaus eine Bibliothek, die <strong>Dienstag 15:00 \u2013 17:00 Uhr g<\/strong>e\u00f6ffnet hat. Dort kann man in der gro\u00dfen Anzahl von B\u00fcchern st\u00f6bern und kostenlos B\u00fccher ausleihen.<\/p>\r\n<p style=\"text-align: justify;\"><a href=\"https:\/\/i0.wp.com\/heimatverein-staebelow.de\/wp-content\/uploads\/2021\/07\/IMG_4364-2.jpg\"><img data-recalc-dims=\"1\" loading=\"lazy\" decoding=\"async\" class=\"alignnone wp-image-4811 size-thumbnail\" src=\"https:\/\/i0.wp.com\/heimatverein-staebelow.de\/wp-content\/uploads\/2021\/07\/IMG_4364-2.jpg?resize=150%2C150\" alt=\"\" width=\"150\" height=\"150\" srcset=\"https:\/\/i0.wp.com\/heimatverein-staebelow.de\/wp-content\/uploads\/2021\/07\/IMG_4364-2.jpg?resize=150%2C150 150w, https:\/\/i0.wp.com\/heimatverein-staebelow.de\/wp-content\/uploads\/2021\/07\/IMG_4364-2.jpg?zoom=2&amp;resize=150%2C150 300w, https:\/\/i0.wp.com\/heimatverein-staebelow.de\/wp-content\/uploads\/2021\/07\/IMG_4364-2.jpg?zoom=3&amp;resize=150%2C150 450w\" sizes=\"auto, (max-width: 150px) 100vw, 150px\" \/><\/a> <a href=\"https:\/\/i0.wp.com\/heimatverein-staebelow.de\/wp-content\/uploads\/2022\/09\/IMG_4366-scaled.jpg\"><img data-recalc-dims=\"1\" loading=\"lazy\" decoding=\"async\" class=\"alignnone wp-image-5253 size-thumbnail\" src=\"https:\/\/i0.wp.com\/heimatverein-staebelow.de\/wp-content\/uploads\/2022\/09\/IMG_4366.jpg?resize=150%2C150\" alt=\"\" width=\"150\" height=\"150\" srcset=\"https:\/\/i0.wp.com\/heimatverein-staebelow.de\/wp-content\/uploads\/2022\/09\/IMG_4366-scaled.jpg?resize=150%2C150 150w, https:\/\/i0.wp.com\/heimatverein-staebelow.de\/wp-content\/uploads\/2022\/09\/IMG_4366-scaled.jpg?zoom=2&amp;resize=150%2C150 300w, https:\/\/i0.wp.com\/heimatverein-staebelow.de\/wp-content\/uploads\/2022\/09\/IMG_4366-scaled.jpg?zoom=3&amp;resize=150%2C150 450w\" sizes=\"auto, (max-width: 150px) 100vw, 150px\" \/><\/a> <a href=\"https:\/\/i0.wp.com\/heimatverein-staebelow.de\/wp-content\/uploads\/2021\/07\/IMG_9418-2.jpg\"><img data-recalc-dims=\"1\" loading=\"lazy\" decoding=\"async\" class=\"alignnone wp-image-4812 size-thumbnail\" src=\"https:\/\/i0.wp.com\/heimatverein-staebelow.de\/wp-content\/uploads\/2021\/07\/IMG_9418-2.jpg?resize=150%2C150\" alt=\"\" width=\"150\" height=\"150\" srcset=\"https:\/\/i0.wp.com\/heimatverein-staebelow.de\/wp-content\/uploads\/2021\/07\/IMG_9418-2.jpg?resize=150%2C150 150w, https:\/\/i0.wp.com\/heimatverein-staebelow.de\/wp-content\/uploads\/2021\/07\/IMG_9418-2.jpg?zoom=2&amp;resize=150%2C150 300w, https:\/\/i0.wp.com\/heimatverein-staebelow.de\/wp-content\/uploads\/2021\/07\/IMG_9418-2.jpg?zoom=3&amp;resize=150%2C150 450w\" sizes=\"auto, (max-width: 150px) 100vw, 150px\" \/><\/a>\u00a0 \u00a0 \u00a0 \u00a0 \u00a0 \u00a0 \u00a0 \u00a0 \u00a0 \u00a0 \u00a0 \u00a0 \u00a0 \u00a0 \u00a0 \u00a0 \u00a0 \u00a0 \u00a0 \u00a0 \u00a0 \u00a0 \u00a0 \u00a0 \u00a0 \u00a0 \u00a0<\/p>\r\n<h5><span style=\"color: #ff0000;\"><strong>Liebe Puzzle-Fans !<\/strong><\/span><\/h5>\r\n<div>Wir haben in unserer abwechslungsreichen Bibliothek ein neues Angebot: eine Puzzle-Tauschb\u00f6rse. Wenn jemand mit seinem schon abgelegten &#8211; aber nat\u00fcrlich vollst\u00e4ndigen &#8211; Puzzle zu uns kommt, tauschen wir es um in ein Puzzle, das er noch nicht kennt. Das ist nat\u00fcrlich alles kostenlos, wie auch die Buchausleihe bei uns.<\/div>\r\n<div>\u00a0<\/div>\r\n<div><strong><em>Es freut sich auf Sie das Team der Bibo<\/em><\/strong><\/div>\r\n<p style=\"text-align: justify;\">\u00a0 \u00a0 \u00a0 \u00a0 \u00a0 \u00a0 \u00a0 \u00a0 \u00a0 \u00a0 \u00a0 \u00a0 \u00a0 \u00a0 \u00a0 \u00a0 \u00a0<a href=\"https:\/\/i0.wp.com\/heimatverein-staebelow.de\/wp-content\/uploads\/2021\/01\/IMG_4542-Kopie-1-scaled.jpg\"><img data-recalc-dims=\"1\" loading=\"lazy\" decoding=\"async\" class=\"aligncenter wp-image-4051 size-large\" src=\"https:\/\/i0.wp.com\/heimatverein-staebelow.de\/wp-content\/uploads\/2021\/01\/IMG_4542-Kopie-1.jpg?resize=604%2C453\" alt=\"\" width=\"604\" height=\"453\" srcset=\"https:\/\/i0.wp.com\/heimatverein-staebelow.de\/wp-content\/uploads\/2021\/01\/IMG_4542-Kopie-1-scaled.jpg?resize=1150%2C863 1150w, https:\/\/i0.wp.com\/heimatverein-staebelow.de\/wp-content\/uploads\/2021\/01\/IMG_4542-Kopie-1-scaled.jpg?resize=300%2C225 300w, https:\/\/i0.wp.com\/heimatverein-staebelow.de\/wp-content\/uploads\/2021\/01\/IMG_4542-Kopie-1-scaled.jpg?resize=768%2C576 768w, https:\/\/i0.wp.com\/heimatverein-staebelow.de\/wp-content\/uploads\/2021\/01\/IMG_4542-Kopie-1-scaled.jpg?resize=1536%2C1152 1536w, https:\/\/i0.wp.com\/heimatverein-staebelow.de\/wp-content\/uploads\/2021\/01\/IMG_4542-Kopie-1-scaled.jpg?resize=2048%2C1536 2048w, https:\/\/i0.wp.com\/heimatverein-staebelow.de\/wp-content\/uploads\/2021\/01\/IMG_4542-Kopie-1-scaled.jpg?w=1208 1208w, https:\/\/i0.wp.com\/heimatverein-staebelow.de\/wp-content\/uploads\/2021\/01\/IMG_4542-Kopie-1-scaled.jpg?w=1812 1812w\" sizes=\"auto, (max-width: 604px) 100vw, 604px\" \/><\/a><\/p>\r\n<p style=\"text-align: justify;\">Sie finden dort historische Romane, Krimis, aber auch Werke von Stendahl, Balzac u.a. Au\u00dferdem gibt es eine Menge von Fachb\u00fcchern unterschiedlichster Fachgebiete, z.B. \u00fcber Natur, Politik, Reisen und vieles andere. Nat\u00fcrlich haben wir auch M\u00e4rchenb\u00fccher, Leseb\u00fccher, Gedichtb\u00e4nde, humorvolles, Kochb\u00fccher und vieles mehr. Es gibt bei uns auch f\u00fcr die ganz kleinen Leute und f\u00fcr die Teenies eine gro\u00dfe Buchauswahl. \u00dcbrigens: Wir stellen heute alle bei uns vorhandenen Belletristik-Werke alphabetisch nach den Autoren aufgelistet an gleicher Stelle ins Internet unter \u201eKatalog Belletristik\u201c.<\/p>\r\n<p><a href=\"http:\/\/www.gemeinde-staebelow.de\/wp-content\/uploads\/Belletristik1.pdf\">http:\/\/www.gemeinde-staebelow.de\/wp-content\/uploads\/Belletristik1.pdf<\/a><\/p>\r\n<p style=\"text-align: justify;\">Weitere Listen werden folgen, z.B. \u201eKatalog Krimis\u201c u.a. Wir w\u00fcrden uns \u00fcber Ihren Besuch sehr freuen, vielleicht auch auf einem B\u00fccherbasar zum Sommerfest in St\u00e4below.<\/p>\r\n<p><a href=\"https:\/\/i0.wp.com\/heimatverein-staebelow.de\/wp-content\/uploads\/2021\/07\/HV-Buchbasar-Sommerfest-2019-3.jpg\"><img data-recalc-dims=\"1\" loading=\"lazy\" decoding=\"async\" class=\"aligncenter wp-image-4814\" src=\"https:\/\/i0.wp.com\/heimatverein-staebelow.de\/wp-content\/uploads\/2021\/07\/HV-Buchbasar-Sommerfest-2019-3.jpg?resize=335%2C351\" alt=\"\" width=\"335\" height=\"351\" srcset=\"https:\/\/i0.wp.com\/heimatverein-staebelow.de\/wp-content\/uploads\/2021\/07\/HV-Buchbasar-Sommerfest-2019-3.jpg?resize=1099%2C1150 1099w, https:\/\/i0.wp.com\/heimatverein-staebelow.de\/wp-content\/uploads\/2021\/07\/HV-Buchbasar-Sommerfest-2019-3.jpg?resize=287%2C300 287w, https:\/\/i0.wp.com\/heimatverein-staebelow.de\/wp-content\/uploads\/2021\/07\/HV-Buchbasar-Sommerfest-2019-3.jpg?resize=768%2C804 768w, https:\/\/i0.wp.com\/heimatverein-staebelow.de\/wp-content\/uploads\/2021\/07\/HV-Buchbasar-Sommerfest-2019-3.jpg?w=1200 1200w\" sizes=\"auto, (max-width: 335px) 100vw, 335px\" \/><\/a><\/p>\r\n<h6>Ansprechpartnerinnen Bibliothek<\/h6>\r\n<h6>Leiterin der Projektgruppe \u00a0 <span style=\"color: #000000;\"><strong>Sabine Klein <\/strong><\/span><\/h6>\r\n<p><span style=\"color: #000000;\">Ursula Ri\u00dfe, <\/span><span style=\"color: #000000;\">Heidemarie Schallmann,\u00a0<\/span>Sibille Degner, Edeltraud Zschoch<\/p>\r\n<p>&nbsp;<\/p>\r\n<p>&nbsp;<\/p>\r\n<p>&nbsp;<\/p>\r\n<p>&nbsp;<\/p>\r\n<p>&nbsp;<\/p>\r\n<p>&nbsp;<\/p>\r\n<p>&nbsp;<\/p>\r\n\r\n<p>&nbsp;<\/p>\r\n<div class=\"twoclick_social_bookmarks_post_59 social_share_privacy clearfix 1.6.4 locale-de_DE sprite-de_DE\"><\/div><div class=\"twoclick-js\"><script type=\"text\/javascript\">\/* <![CDATA[ *\/\njQuery(document).ready(function($){if($('.twoclick_social_bookmarks_post_59')){$('.twoclick_social_bookmarks_post_59').socialSharePrivacy({\"txt_help\":\"Wenn Sie diese Felder durch einen Klick aktivieren, werden Informationen an Facebook, Twitter, Flattr, Xing, t3n, LinkedIn, Pinterest oder Google eventuell ins Ausland \\u00fcbertragen und unter Umst\\u00e4nden auch dort gespeichert. N\\u00e4heres erfahren Sie durch einen Klick auf das <em>i<\\\/em>.\",\"settings_perma\":\"Dauerhaft aktivieren und Daten\\u00fcber-tragung zustimmen:\",\"info_link\":\"http:\\\/\\\/www.heise.de\\\/ct\\\/artikel\\\/2-Klicks-fuer-mehr-Datenschutz-1333879.html\",\"uri\":\"http:\\\/\\\/heimatverein-staebelow.de\\\/?page_id=59\",\"post_id\":59,\"post_title_referrer_track\":\"Bibliothek\",\"display_infobox\":\"on\"});}});\n\/* ]]> *\/<\/script><\/div>","protected":false},"excerpt":{"rendered":"<p>Hallo, liebe B\u00fccherfreunde ! Der Heimatverein St\u00e4below e.V. er\u00f6ffnete seine Bibliothek im Gemeindehaus in St\u00e4below, Schulweg 5 erstmalig am 28.1.2014 um 15.00 Uhr. Dank der vielen B\u00fccherspenden k\u00f6nnen Sie zwischen \u00e4lterer und ganz neuer Literatur und vielen Kinderb\u00fcchern w\u00e4hlen; auch englischsprachige Literatur ist dabei. Ja, wir haben in St\u00e4below im Gemeindehaus eine Bibliothek, die Dienstag &hellip; <a href=\"http:\/\/heimatverein-staebelow.de\/?page_id=59\" class=\"more-link\"><span class=\"screen-reader-text\">Bibliothek<\/span> weiterlesen <span class=\"meta-nav\">&rarr;<\/span><\/a><\/p>\n","protected":false},"author":2,"featured_media":0,"parent":4,"menu_order":5,"comment_status":"closed","ping_status":"closed","template":"","meta":{"footnotes":""},"class_list":["post-59","page","type-page","status-publish","hentry"],"jetpack_sharing_enabled":true,"_links":{"self":[{"href":"http:\/\/heimatverein-staebelow.de\/index.php?rest_route=\/wp\/v2\/pages\/59","targetHints":{"allow":["GET"]}}],"collection":[{"href":"http:\/\/heimatverein-staebelow.de\/index.php?rest_route=\/wp\/v2\/pages"}],"about":[{"href":"http:\/\/heimatverein-staebelow.de\/index.php?rest_route=\/wp\/v2\/types\/page"}],"author":[{"embeddable":true,"href":"http:\/\/heimatverein-staebelow.de\/index.php?rest_route=\/wp\/v2\/users\/2"}],"replies":[{"embeddable":true,"href":"http:\/\/heimatverein-staebelow.de\/index.php?rest_route=%2Fwp%2Fv2%2Fcomments&post=59"}],"version-history":[{"count":74,"href":"http:\/\/heimatverein-staebelow.de\/index.php?rest_route=\/wp\/v2\/pages\/59\/revisions"}],"predecessor-version":[{"id":5536,"href":"http:\/\/heimatverein-staebelow.de\/index.php?rest_route=\/wp\/v2\/pages\/59\/revisions\/5536"}],"up":[{"embeddable":true,"href":"http:\/\/heimatverein-staebelow.de\/index.php?rest_route=\/wp\/v2\/pages\/4"}],"wp:attachment":[{"href":"http:\/\/heimatverein-staebelow.de\/index.php?rest_route=%2Fwp%2Fv2%2Fmedia&parent=59"}],"curies":[{"name":"wp","href":"https:\/\/api.w.org\/{rel}","templated":true}]}}

<h4><span style="color: #0000ff;">Hallo, liebe Bücherfreunde !</span></h4>
<p style="text-align: justify;">Der Heimatverein Stäbelow e.V. eröffnete seine Bibliothek im Gemeindehaus in Stäbelow, Schulweg 5<span style="color: #ff0000;"> <strong>erstmalig am 28.1.2014 um 15.00 Uhr. </strong></span>Dank der vielen Bücherspenden können Sie zwischen älterer und ganz neuer Literatur und vielen Kinderbüchern wählen; auch englischsprachige Literatur ist dabei.</p>
<p><a href="https://i0.wp.com/heimatverein-staebelow.de/wp-content/uploads/2022/09/Bibliothek-Staebelow-2014.png"><img data-recalc-dims="1" loading="lazy" decoding="async" class="alignnone wp-image-5245 size-full" src="https://i0.wp.com/heimatverein-staebelow.de/wp-content/uploads/2022/09/Bibliothek-Staebelow-2014.png?resize=604%2C356" alt="" width="604" height="356" srcset="https://i0.wp.com/heimatverein-staebelow.de/wp-content/uploads/2022/09/Bibliothek-Staebelow-2014.png?w=649 649w, https://i0.wp.com/heimatverein-staebelow.de/wp-content/uploads/2022/09/Bibliothek-Staebelow-2014.png?resize=300%2C177 300w" sizes="auto, (max-width: 604px) 100vw, 604px" /></a></p>
<p style="text-align: justify;">Ja, wir haben in Stäbelow im Gemeindehaus eine Bibliothek, die <strong>Dienstag 15:00 – 17:00 Uhr g</strong>eöffnet hat. Dort kann man in der großen Anzahl von Büchern stöbern und kostenlos Bücher ausleihen.</p>
<p style="text-align: justify;"><a href="https://i0.wp.com/heimatverein-staebelow.de/wp-content/uploads/2021/07/IMG_4364-2.jpg"><img data-recalc-dims="1" loading="lazy" decoding="async" class="alignnone wp-image-4811 size-thumbnail" src="https://i0.wp.com/heimatverein-staebelow.de/wp-content/uploads/2021/07/IMG_4364-2.jpg?resize=150%2C150" alt="" width="150" height="150" srcset="https://i0.wp.com/heimatverein-staebelow.de/wp-content/uploads/2021/07/IMG_4364-2.jpg?resize=150%2C150 150w, https://i0.wp.com/heimatverein-staebelow.de/wp-content/uploads/2021/07/IMG_4364-2.jpg?zoom=2&amp;resize=150%2C150 300w, https://i0.wp.com/heimatverein-staebelow.de/wp-content/uploads/2021/07/IMG_4364-2.jpg?zoom=3&amp;resize=150%2C150 450w" sizes="auto, (max-width: 150px) 100vw, 150px" /></a> <a href="https://i0.wp.com/heimatverein-staebelow.de/wp-content/uploads/2022/09/IMG_4366-scaled.jpg"><img data-recalc-dims="1" loading="lazy" decoding="async" class="alignnone wp-image-5253 size-thumbnail" src="https://i0.wp.com/heimatverein-staebelow.de/wp-content/uploads/2022/09/IMG_4366.jpg?resize=150%2C150" alt="" width="150" height="150" srcset="https://i0.wp.com/heimatverein-staebelow.de/wp-content/uploads/2022/09/IMG_4366-scaled.jpg?resize=150%2C150 150w, https://i0.wp.com/heimatverein-staebelow.de/wp-content/uploads/2022/09/IMG_4366-scaled.jpg?zoom=2&amp;resize=150%2C150 300w, https://i0.wp.com/heimatverein-staebelow.de/wp-content/uploads/2022/09/IMG_4366-scaled.jpg?zoom=3&amp;resize=150%2C150 450w" sizes="auto, (max-width: 150px) 100vw, 150px" /></a> <a href="https://i0.wp.com/heimatverein-staebelow.de/wp-content/uploads/2021/07/IMG_9418-2.jpg"><img data-recalc-dims="1" loading="lazy" decoding="async" class="alignnone wp-image-4812 size-thumbnail" src="https://i0.wp.com/heimatverein-staebelow.de/wp-content/uploads/2021/07/IMG_9418-2.jpg?resize=150%2C150" alt="" width="150" height="150" srcset="https://i0.wp.com/heimatverein-staebelow.de/wp-content/uploads/2021/07/IMG_9418-2.jpg?resize=150%2C150 150w, https://i0.wp.com/heimatverein-staebelow.de/wp-content/uploads/2021/07/IMG_9418-2.jpg?zoom=2&amp;resize=150%2C150 300w, https://i0.wp.com/heimatverein-staebelow.de/wp-content/uploads/2021/07/IMG_9418-2.jpg?zoom=3&amp;resize=150%2C150 450w" sizes="auto, (max-width: 150px) 100vw, 150px" /></a>                                                     </p>
<h5><span style="color: #ff0000;"><strong>Liebe Puzzle-Fans !</strong></span></h5>
<div>Wir haben in unserer abwechslungsreichen Bibliothek ein neues Angebot: eine Puzzle-Tauschbörse. Wenn jemand mit seinem schon abgelegten &#8211; aber natürlich vollständigen &#8211; Puzzle zu uns kommt, tauschen wir es um in ein Puzzle, das er noch nicht kennt. Das ist natürlich alles kostenlos, wie auch die Buchausleihe bei uns.</div>
<div> </div>
<div><strong><em>Es freut sich auf Sie das Team der Bibo</em></strong></div>
<p style="text-align: justify;">                                 <a href="https://i0.wp.com/heimatverein-staebelow.de/wp-content/uploads/2021/01/IMG_4542-Kopie-1-scaled.jpg"><img data-recalc-dims="1" loading="lazy" decoding="async" class="aligncenter wp-image-4051 size-large" src="https://i0.wp.com/heimatverein-staebelow.de/wp-content/uploads/2021/01/IMG_4542-Kopie-1.jpg?resize=604%2C453" alt="" width="604" height="453" srcset="https://i0.wp.com/heimatverein-staebelow.de/wp-content/uploads/2021/01/IMG_4542-Kopie-1-scaled.jpg?resize=1150%2C863 1150w, https://i0.wp.com/heimatverein-staebelow.de/wp-content/uploads/2021/01/IMG_4542-Kopie-1-scaled.jpg?resize=300%2C225 300w, https://i0.wp.com/heimatverein-staebelow.de/wp-content/uploads/2021/01/IMG_4542-Kopie-1-scaled.jpg?resize=768%2C576 768w, https://i0.wp.com/heimatverein-staebelow.de/wp-content/uploads/2021/01/IMG_4542-Kopie-1-scaled.jpg?resize=1536%2C1152 1536w, https://i0.wp.com/heimatverein-staebelow.de/wp-content/uploads/2021/01/IMG_4542-Kopie-1-scaled.jpg?resize=2048%2C1536 2048w, https://i0.wp.com/heimatverein-staebelow.de/wp-content/uploads/2021/01/IMG_4542-Kopie-1-scaled.jpg?w=1208 1208w, https://i0.wp.com/heimatverein-staebelow.de/wp-content/uploads/2021/01/IMG_4542-Kopie-1-scaled.jpg?w=1812 1812w" sizes="auto, (max-width: 604px) 100vw, 604px" /></a></p>
<p style="text-align: justify;">Sie finden dort historische Romane, Krimis, aber auch Werke von Stendahl, Balzac u.a. Außerdem gibt es eine Menge von Fachbüchern unterschiedlichster Fachgebiete, z.B. über Natur, Politik, Reisen und vieles andere. Natürlich haben wir auch Märchenbücher, Lesebücher, Gedichtbände, humorvolles, Kochbücher und vieles mehr. Es gibt bei uns auch für die ganz kleinen Leute und für die Teenies eine große Buchauswahl. Übrigens: Wir stellen heute alle bei uns vorhandenen Belletristik-Werke alphabetisch nach den Autoren aufgelistet an gleicher Stelle ins Internet unter „Katalog Belletristik“.</p>
<p><a href="http://www.gemeinde-staebelow.de/wp-content/uploads/Belletristik1.pdf">http://www.gemeinde-staebelow.de/wp-content/uploads/Belletristik1.pdf</a></p>
<p style="text-align: justify;">Weitere Listen werden folgen, z.B. „Katalog Krimis“ u.a. Wir würden uns über Ihren Besuch sehr freuen, vielleicht auch auf einem Bücherbasar zum Sommerfest in Stäbelow.</p>
<p><a href="https://i0.wp.com/heimatverein-staebelow.de/wp-content/uploads/2021/07/HV-Buchbasar-Sommerfest-2019-3.jpg"><img data-recalc-dims="1" loading="lazy" decoding="async" class="aligncenter wp-image-4814" src="https://i0.wp.com/heimatverein-staebelow.de/wp-content/uploads/2021/07/HV-Buchbasar-Sommerfest-2019-3.jpg?resize=335%2C351" alt="" width="335" height="351" srcset="https://i0.wp.com/heimatverein-staebelow.de/wp-content/uploads/2021/07/HV-Buchbasar-Sommerfest-2019-3.jpg?resize=1099%2C1150 1099w, https://i0.wp.com/heimatverein-staebelow.de/wp-content/uploads/2021/07/HV-Buchbasar-Sommerfest-2019-3.jpg?resize=287%2C300 287w, https://i0.wp.com/heimatverein-staebelow.de/wp-content/uploads/2021/07/HV-Buchbasar-Sommerfest-2019-3.jpg?resize=768%2C804 768w, https://i0.wp.com/heimatverein-staebelow.de/wp-content/uploads/2021/07/HV-Buchbasar-Sommerfest-2019-3.jpg?w=1200 1200w" sizes="auto, (max-width: 335px) 100vw, 335px" /></a></p>
<h6>Ansprechpartnerinnen Bibliothek</h6>
<h6>Leiterin der Projektgruppe   <span style="color: #000000;"><strong>Sabine Klein </strong></span></h6>
<p><span style="color: #000000;">Ursula Riße, </span><span style="color: #000000;">Heidemarie Schallmann, </span>Sibille Degner, Edeltraud Zschoch</p>
<p>&nbsp;</p>
<p>&nbsp;</p>
<p>&nbsp;</p>
<p>&nbsp;</p>
<p>&nbsp;</p>
<p>&nbsp;</p>
<p>&nbsp;</p>

<p>&nbsp;</p>
<div class="twoclick_social_bookmarks_post_59 social_share_privacy clearfix 1.6.4 locale-de_DE sprite-de_DE"></div><div class="twoclick-js"><script type="text/javascript">/* <![CDATA[ */
jQuery(document).ready(function($){if($('.twoclick_social_bookmarks_post_59')){$('.twoclick_social_bookmarks_post_59').socialSharePrivacy({"txt_help":"Wenn Sie diese Felder durch einen Klick aktivieren, werden Informationen an Facebook, Twitter, Flattr, Xing, t3n, LinkedIn, Pinterest oder Google eventuell ins Ausland \u00fcbertragen und unter Umst\u00e4nden auch dort gespeichert. N\u00e4heres erfahren Sie durch einen Klick auf das <em>i<\/em>.","settings_perma":"Dauerhaft aktivieren und Daten\u00fcber-tragung zustimmen:","info_link":"http:\/\/www.heise.de\/ct\/artikel\/2-Klicks-fuer-mehr-Datenschutz-1333879.html","uri":"http:\/\/heimatverein-staebelow.de\/?page_id=59","post_id":59,"post_title_referrer_track":"Bibliothek","display_infobox":"on"});}});
/* ]]> */</script></div>

<p>Hallo, liebe Bücherfreunde ! Der Heimatverein Stäbelow e.V. eröffnete seine Bibliothek im Gemeindehaus in Stäbelow, Schulweg 5 erstmalig am 28.1.2014 um 15.00 Uhr. Dank der vielen Bücherspenden können Sie zwischen älterer und ganz neuer Literatur und vielen Kinderbüchern wählen; auch englischsprachige Literatur ist dabei. Ja, wir haben in Stäbelow im Gemeindehaus eine Bibliothek, die Dienstag &hellip; <a href="http://heimatverein-staebelow.de/?page_id=59" class="more-link"><span class="screen-reader-text">Bibliothek</span> weiterlesen <span class="meta-nav">&rarr;</span></a></p>
